{"id":15,"date":"2017-07-26T19:06:03","date_gmt":"2017-07-26T22:06:03","guid":{"rendered":"http:\/\/dcomp.ufscar.br\/verdi\/wordpress\/?page_id=15"},"modified":"2024-09-23T09:14:59","modified_gmt":"2024-09-23T12:14:59","slug":"talks","status":"publish","type":"page","link":"https:\/\/www.dcomp.ufscar.br\/verdi\/?page_id=15","title":{"rendered":"Keynotes"},"content":{"rendered":"<p><a href=\"https:\/\/www.ic.unicamp.br\/~seminarios\/\" target=\"_blank\" rel=\"noopener\">Offloading and disaggregation for telecom operators: definitions, challenges, and research opportunities<\/a>. Keynote at IC\/Unicamp, September 2024.<\/p>\n<p><a href=\"https:\/\/agenda.easyevent.com.br\/grid\/pt\/30\">Cloud Network Slicing: Challenges and Lessons learned from the NECOS Project.<\/a>\u00a0Keynote at Futurecom, 28-31 October 2019.<br \/>\n<a href=\"http:\/\/dcomp.sor.ufscar.br\/verdi\/inatel2016.pdf\">Revisitando os fundamentos da Internet: das origens at\u00e9 a atualidade e percep\u00e7\u00f5es futuras.<\/a>\u00a04th Future Internet Seminar, Inatel, Santa Rita do Sapuca\u00ed, 2016.<br \/>\n<a href=\"http:\/\/dcomp.sor.ufscar.br\/verdi\/RSA_2014_1.pdf\">Modelo de Arquitetura para Gerenciamento de Qualidade de Servi\u00e7o e Recursos utilizando OpenFlow 1.3.<\/a>\u00a0Quinta Reuni\u00e3o Semestral da ANSP 2014.<br \/>\n<a href=\"http:\/\/dcomp.sor.ufscar.br\/verdi\/ApresentacaoHNM_OF.pdf\">Gerenciamento de Redes Dom\u00e9sticas usando OpenFlow<\/a>.\u00a0<a href=\"http:\/\/rsa.ansp.br\/\">Segunda Reuni\u00e3o Semestral da ANSP-FAPESP<\/a>, 2012.<br \/>\n<a href=\"http:\/\/dcomp.sor.ufscar.br\/verdi\/cloudComputing_itapetininga.pdf\">Cloud Computing e Data Centers &#8211; Estado da Arte e Desafios<\/a>. III Work Tech Itape &#8211; Semana Nacional de Ci\u00eancia e Tecnologia 2012 (Promo\u00e7\u00e3o MCTI). Apresentado no IFSP, Campus Itapetininga.<br \/>\nCloud Computing e Redes Definidas por Software. Ciclo de Semin\u00e1rios 2012 do ICMC-USP.<br \/>\n<a href=\"http:\/\/dcomp.sor.ufscar.br\/verdi\/csbc_wcge10.pdf\">Cloud Computing, Data Centers e Governo: desafios e oportunidades.<\/a>\u00a0WCGE 2010, em conjunto com o CSBC 2010.<br \/>\n<a href=\"http:\/\/dcomp.sor.ufscar.br\/verdi\/FirstWorkshopCPqD_09_final.ppt\">Novas Arquiteturas Internet a partir da Separa\u00e7\u00e3o Identificador\/Localizador<\/a>. Workshop Futuro da Internet, CPqD, Abril\u00a0 2009.<br \/>\n<a href=\"http:\/\/dcomp.sor.ufscar.br\/verdi\/i2comm2008_colombia.ppt\">Next Generation Internet Architectures: Current Status and Challenges<\/a>. IEEE I2Comm, Fevereiro 2008.<\/p>\n","protected":false},"excerpt":{"rendered":"<p>Offloading and disaggregation for telecom operators: definitions, challenges, and research opportunities. Keynote at IC\/Unicamp, September 2024. Cloud Network Slicing: Challenges and Lessons learned from the NECOS Project.\u00a0Keynote at Futurecom, 28-31 October 2019. Revisitando os fundamentos da Internet: das origens at\u00e9 a atualidade e percep\u00e7\u00f5es futuras.\u00a04th Future Internet Seminar, Inatel, Santa Rita do Sapuca\u00ed, 2016. Modelo [&hellip;]<\/p>\n","protected":false},"author":1,"featured_media":0,"parent":0,"menu_order":0,"comment_status":"closed","ping_status":"closed","template":"","meta":{"footnotes":""},"class_list":["post-15","page","type-page","status-publish","hentry"],"_links":{"self":[{"href":"https:\/\/www.dcomp.ufscar.br\/verdi\/index.php?rest_route=\/wp\/v2\/pages\/15","targetHints":{"allow":["GET"]}}],"collection":[{"href":"https:\/\/www.dcomp.ufscar.br\/verdi\/index.php?rest_route=\/wp\/v2\/pages"}],"about":[{"href":"https:\/\/www.dcomp.ufscar.br\/verdi\/index.php?rest_route=\/wp\/v2\/types\/page"}],"author":[{"embeddable":true,"href":"https:\/\/www.dcomp.ufscar.br\/verdi\/index.php?rest_route=\/wp\/v2\/users\/1"}],"replies":[{"embeddable":true,"href":"https:\/\/www.dcomp.ufscar.br\/verdi\/index.php?rest_route=%2Fwp%2Fv2%2Fcomments&post=15"}],"version-history":[{"count":6,"href":"https:\/\/www.dcomp.ufscar.br\/verdi\/index.php?rest_route=\/wp\/v2\/pages\/15\/revisions"}],"predecessor-version":[{"id":454,"href":"https:\/\/www.dcomp.ufscar.br\/verdi\/index.php?rest_route=\/wp\/v2\/pages\/15\/revisions\/454"}],"wp:attachment":[{"href":"https:\/\/www.dcomp.ufscar.br\/verdi\/index.php?rest_route=%2Fwp%2Fv2%2Fmedia&parent=15"}],"curies":[{"name":"wp","href":"https:\/\/api.w.org\/{rel}","templated":true}]}}