{"id":17,"date":"2017-07-26T19:06:12","date_gmt":"2017-07-26T22:06:12","guid":{"rendered":"http:\/\/dcomp.ufscar.br\/verdi\/wordpress\/?page_id=17"},"modified":"2024-12-26T22:00:22","modified_gmt":"2024-12-27T01:00:22","slug":"activities","status":"publish","type":"page","link":"https:\/\/www.dcomp.ufscar.br\/verdi\/?page_id=17","title":{"rendered":"Activities"},"content":{"rendered":"<h2><strong>Scientific Activities<\/strong><\/h2>\n<ul>\n<li>\n<h3><a href=\"https:\/\/www.comsoc.org\/publications\/magazines\/ieee-network\/cfp\/deterministic-reliable-resilient-and-programmable-networks\">Guest Editor &#8211; Special Issue for IEEE Network, 2024-2025: Deterministic, Reliable, Resilient and Programmable Networks for 6G.<\/a><\/h3>\n<\/li>\n<li>\n<h3>Member of the Program Committee on the ACM SIGMETRICS Student Research Competition 2025 (Sigmetrics &#8217;25 SRC).<\/h3>\n<\/li>\n<li>\n<h3>Keynote and Panel Co-chair of the 28th Conference on Innovation in Clouds, Internet and Networks (ICIN) 2025.<\/h3>\n<\/li>\n<li>\n<h3>Member of the Program Committee on the ACM SIGMETRICS Student Research Competition 2024 (Sigmetrics &#8217;24 SRC).<\/h3>\n<\/li>\n<li>\n<h3>Demo Co-Chair of the IEEE Conference on Network Function Virtualization and Software Defined Networks (NFV-SDN) 2024.<\/h3>\n<\/li>\n<li>\n<h3>TPC Co-chair of the IEEE International Conference on Network Softwarization (Netsoft 2023) together with Elisa Rojas and\u00a0Zuqing Zhu.<\/h3>\n<\/li>\n<li>\n<h3>Workshop Chair of the SBRC 2023.<\/h3>\n<\/li>\n<li>\n<h3>Member of the Sigcomm 2021 Demos and Posters <a href=\"https:\/\/conferences.sigcomm.org\/sigcomm\/2021\/cf-posters.html\">Sigcomm 2021<\/a>.<\/h3>\n<\/li>\n<li>\n<h3>Member of the TPC of several national and international conferences such as: <a href=\"http:\/\/www.cnsm-conf.org\/2022\/\">CNSM 2022<\/a>,\u00a0<a href=\"https:\/\/noms2022.ieee-noms.org\/\">NOMS 2022<\/a>, <a href=\"https:\/\/netsoft2021.ieee-netsoft.org\/\">Netsoft 2021<\/a>,\u00a0\u00a0<a href=\"http:\/\/www.cnsm-conf.org\/2021\/\">CNSM 2021<\/a>, <a href=\"https:\/\/noms2020.ieee-noms.org\/\">NOMS 2020<\/a>, SBRC, IEEE ISCC, IEEE SCC, LANOMS, CTD@SBRC, Sal\u00e3o de Ferramentas@SBRC, Courb@SBRC.<\/h3>\n<\/li>\n<li>\n<h3>TPC Co-chair of <a href=\"https:\/\/www.sbrc2021.facom.ufu.br\/\">SBRC 2021<\/a>.<\/h3>\n<\/li>\n<li>\n<h3>TPC Co-chair of <a href=\"https:\/\/intrig.dca.fee.unicamp.br\/s4si2021\/\">S4SI 2021.<\/a><\/h3>\n<\/li>\n<li>\n<h3>Reviewer of the following journals: IEEE Communications Magazine, Springer Journal of Network and Systems Management,\u00a0IEEE Transactions on Network and Service Management,\u00a0Elsevier Computer Networks.<\/h3>\n<\/li>\n<li>\n<h3>Member of the Advisory Board for Science, Technology and Innovation (CMCTI), City of Sorocaba, SP, 2020-2022.<\/h3>\n<\/li>\n<li>\n<h3>Member of the SBC Special Commission for Computer Networking and Distributed Systems (CE-RESD, SBC), 2018-2023.<\/h3>\n<\/li>\n<li>\n<h3><a href=\"http:\/\/sbrc2018.ufscar.br\">SBRC 2018<\/a> General Co-chair.<\/h3>\n<\/li>\n<li>\n<h3><a href=\"http:\/\/www.fapesp.br\/pipe\/\">FAPESP PIPE reviewer.<\/a><\/h3>\n<\/li>\n<li>\n<h3>Invited visitor at <a href=\"http:\/\/www.eps.udl.cat\/ca\/\">Escola Politecnica Superior<\/a> &#8211; University of Lleida, Spain.<\/h3>\n<\/li>\n<li>\n<h3><a href=\"http:\/\/www.ppgccs.sor.ufscar.br\">Computer Science Postgraduate Coordinator<\/a> (2012-2014).<\/h3>\n<\/li>\n<li>\n<h3>Application Co-chair of\u00a0<a href=\"http:\/\/www.lanoms.org\/2011\/\">LANOMS 2011.<\/a><\/h3>\n<\/li>\n<li>\n<h3>Invited Lecturer at\u00a0I2COMM 2008\u00a0held in Cartagena, Colombia. February 2008.<\/h3>\n<\/li>\n<li>\n<h3>Invited Lecturer for the IEEE Colombia, Bogota. February 2008.<\/h3>\n<\/li>\n<li>\n<h3>General Co-Chair of the\u00a0First Latin American Autonomic Computing Symposium (LAACS 2006)<\/h3>\n<\/li>\n<\/ul>\n<p><strong>Interviews<\/strong><\/p>\n<ul>\n<li><a href=\"https:\/\/economia.uol.com.br\/noticias\/redacao\/2020\/07\/23\/fila-virtual-aplicativo-da-caixa-especialistas.htm\"> Por que app de saque dos R$ 600 tem fila? N\u00e3o d\u00e1 para fazer de outro jeito? Tilt Not\u00edcias UOL<\/a>.<\/li>\n<li><a href=\"https:\/\/www.uol.com.br\/tilt\/noticias\/redacao\/2020\/02\/16\/varios-suspeitos-quem-e-o-culpado-quando-a-internet-ou-wi-fi-nao-funcionam.htm?cmpid=copiaecola\"> V\u00e1rios suspeitos, um culpado: como achar o que deixa sua internet lenta? Tilt Not\u00edcias UOL<\/a>.<\/li>\n<\/ul>\n<p><strong>Social Activities<\/strong><\/p>\n<ul>\n<li><a href=\"http:\/\/dcomp.sor.ufscar.br\/verdi\/ProjetoPromus_1.pdf\">PROMUS &#8211; Promovendo Mudan\u00e7as &#8211; 2011\/1.<\/a>\u00a0<a href=\"http:\/\/dcomp.sor.ufscar.br\/verdi\/PROMUS_2011.pdf\">Results (slides)\u00a0<\/a><br \/>\n<a href=\"http:\/\/dlabbrazil.wikispaces.com\/D-Lab+2011-2012\">DLab Brazil &#8211; 2012\/1<\/a><\/li>\n<li>ABU (Alian\u00e7a B\u00edblica Universit\u00e1ria) &#8211; UFSCar Sorocaba (see Facebook)<\/li>\n<\/ul>\n<p>&nbsp;<\/p>\n","protected":false},"excerpt":{"rendered":"<p>Scientific Activities Guest Editor &#8211; Special Issue for IEEE Network, 2024-2025: Deterministic, Reliable, Resilient and Programmable Networks for 6G. Member of the Program Committee on the ACM SIGMETRICS Student Research Competition 2025 (Sigmetrics &#8217;25 SRC). Keynote and Panel Co-chair of the 28th Conference on Innovation in Clouds, Internet and Networks (ICIN) 2025. Member of the [&hellip;]<\/p>\n","protected":false},"author":1,"featured_media":0,"parent":0,"menu_order":0,"comment_status":"closed","ping_status":"closed","template":"","meta":{"footnotes":""},"class_list":["post-17","page","type-page","status-publish","hentry"],"_links":{"self":[{"href":"https:\/\/www.dcomp.ufscar.br\/verdi\/index.php?rest_route=\/wp\/v2\/pages\/17","targetHints":{"allow":["GET"]}}],"collection":[{"href":"https:\/\/www.dcomp.ufscar.br\/verdi\/index.php?rest_route=\/wp\/v2\/pages"}],"about":[{"href":"https:\/\/www.dcomp.ufscar.br\/verdi\/index.php?rest_route=\/wp\/v2\/types\/page"}],"author":[{"embeddable":true,"href":"https:\/\/www.dcomp.ufscar.br\/verdi\/index.php?rest_route=\/wp\/v2\/users\/1"}],"replies":[{"embeddable":true,"href":"https:\/\/www.dcomp.ufscar.br\/verdi\/index.php?rest_route=%2Fwp%2Fv2%2Fcomments&post=17"}],"version-history":[{"count":33,"href":"https:\/\/www.dcomp.ufscar.br\/verdi\/index.php?rest_route=\/wp\/v2\/pages\/17\/revisions"}],"predecessor-version":[{"id":43,"href":"https:\/\/www.dcomp.ufscar.br\/verdi\/index.php?rest_route=\/wp\/v2\/pages\/17\/revisions\/43"}],"wp:attachment":[{"href":"https:\/\/www.dcomp.ufscar.br\/verdi\/index.php?rest_route=%2Fwp%2Fv2%2Fmedia&parent=17"}],"curies":[{"name":"wp","href":"https:\/\/api.w.org\/{rel}","templated":true}]}}